2012210010001
In base 16, what is 0 - 87dce6?
-87dce6
In base 5, what is -2023333 + -2211043?
-4234431
In base 6, what is 31353 + 20135?
51532
In base 11, what is -1714 + -3407a?
-35793
In base 11, what is 53 + -13835a?
-138307
In base 15, what is -146 + 1ce6ce?
1ce588
In base 15, what is 25c4c89c + -5?
25c4c897
In base 4, what is -3 - -12212112020?
12212112011
In base 6, what is 21443545512 + 0?
21443545512
In base 5, what is 2 - -12430203304?
12430203311
In base 2, what is -11 + -11000111010000000010?
-11000111010000000101
In base 11, what is 12264a + -2?
122648
In base 10, what is -214899 + 497?
-214402
In base 3, what is -1010221 - 21102101201?
-21110112122
In base 4, what is -2011 - 101103331?
-101112002
In base 6, what is 54 - -11253?
11351
In base 4, what is -121330010131332 + 11?
-121330010131321
In base 7, what is 151 - -653220?
653401
In base 10, what is -5 - -9671303?
9671298
In base 16, what is -9fd21 - 44?
-9fd65
In base 4, what is 20033332323 + 330?
20033333313
In base 5, what is -1 + -232320433242?
-232320433243
In base 9, what is -58 + 3708?
3640
In base 12, what is -1198 + -118?
-12b4
In base 5, what is -1042041410 - -221?
-1042041134
In base 13, what is ac7a - 4b9?
a791
In base 3, what is -101 + 1000222011122?
1000222011021
In base 6, what is -1125 + 224535?
223410
In base 3, what is 12020201211021 + 110?
12020201211201
In base 16, what is -8 + 184f165?
184f15d
In base 6, what is 33133 - -153250?
230423
In base 10, what is -93892011 + -4?
-93892015
In base 8, what is 352402015 + -4?
352402011
In base 3, what is -101122221 - -12201000110?
12022100112
In base 10, what is -2 + 81120673?
81120671
In base 16, what is -8e282d - 11?
-8e283e
In base 4, what is -21300121100 - -120?
-21300120320
In base 14, what is -486 - -43a42?
4359a
In base 10, what is 141529412 + 5?
141529417
In base 7, what is -251605 - 4032?
-255640
In base 5, what is -32021134433 - -14?
-32021134414
In base 11, what is 6473a + 47?
64786
In base 5, what is -30004 + -34334?
-114343
In base 14, what is -c7 + d596d?
d5886
In base 4, what is 3 - 10230123012?
-10230123003
In base 3, what is 210 - 1221010112010?
-1221010111100
In base 16, what is -1e1a0e + -4?
-1e1a12
In base 8, what is -15 + 735602?
735565
In base 14, what is -178 - 1cc5b?
-1cdd5
In base 13, what is 1712 - 25caa?
-24598
In base 10, what is -102 - 576593?
-576695
In base 9, what is 7120 - -6368?
14488
In base 6, what is 25 - 10243312?
-10243243
In base 3, what is 201020111001 - 120022?
201012220202
In base 9, what is -1 + -766210?
-766211
In base 4, what is -1232212120200 - 0?
-1232212120200
In base 3, what is -120111120001 + 1002101?
-120110110200
In base 9, what is -204035126 + 4?
-204035122
In base 2, what is -11010010 - 1000011110010111010?
-1000011110110001100
In base 4, what is 10011 + -11230?
-1213
In base 10, what is -12740 + 140?
-12600
In base 10, what is -3262462 + -16?
-3262478
In base 11, what is -474762 + 3?
-47475a
In base 5, what is -4332014104 + -2?
-4332014111
In base 9, what is 4737 - 544134?
-538286
In base 7, what is 20643455 + 425?
20644213
In base 14, what is -43 + -3a85?
-3ac8
In base 6, what is -2 - -251510203?
251510201
In base 4, what is 10 - -101311313210203?
101311313210213
In base 11, what is 13662501 + 33?
13662534
In base 11, what is -16 - 9a01878?
-9a01893
In base 13, what is -49b63 + 2a7?
-49889
In base 2, what is -10101000100 - -101001111101111?
100111010101011
In base 10, what is 297 - 32183?
-31886
In base 9, what is 44720216 - 1?
44720215
In base 13, what is 28464 + -65?
283cc
In base 7, what is 5 + -401635551?
-401635543
In base 8, what is 25561 + -2412?
23147
In base 7, what is -44031110215 + -2?
-44031110220
In base 13, what is -1a7 + -23bbbc?
-23c096
In base 12, what is -745 + 1a293?
1974a
In base 3, what is -110221 - -10110110111012?
10110110000021
In base 3, what is 21022212112211 + -2221?
21022212102220
In base 8, what is -60560275 - 0?
-60560275
In base 4, what is -1212003323 - 11?
-1212010000
In base 16, what is -3 - 2e3085?
-2e3088
In base 16, what is -e2 + -761?
-843
In base 8, what is 451 + 4640?
5311
In base 5, what is -2311404 + 422?
-2310432
In base 2, what is -101101 - -10000111011011?
10000110101110
In base 4, what is 2102 - -1321323231?
1321331333
In base 6, what is 3 + 145110413?
145110420
In base 5, what is 0 + 100411203012?
100411203012
In base 15, what is 15 + -24013e?
-240129
In base 10, what is 2 + -8604658?
-8604656
In base 7, what is 5415 + 3060403?
3066121
In base 9, what is -15865 - 7211?
-24176
In base 9, what is -36862 - 3870?
-41842
In base 6, what is 0 + -1243323101?
-1243323101
In base 10, what is 4842856 + -15?
4842841
In base 11, what is 193 + -175885?
-1756a2
In base 9, what is 13077503 + -5?
13077487
In base 9, what is -2 - 4511558?
-4511561
In base 5, what is 2130101 + -102001?
2023100
In base 11, what is 7a1 + 149815?
14a506
In base 5, what is -103130 + 1330203?
1222023
In base 11, what is -2 + 9769062?
9769060
In base 15, what is -5a76 - -15?
-5a61
In base 13, what is -1 - -1b6552b?
1b6552a
In base 10, what is 31 - 480108?
-480077
In base 12, what is 70720 - b?
70711
In base 8, what is -44673 + 151?
-44522
In base 16, what is -144ead9 + 1a?
-144eabf
In base 11, what is -6008 - -437?
-5681
In base 12, what is 4 - -157919?
157921
In base 11, what is 577 + 20965?
21431
In base 14, what is 1 + -6a996c?
-6a996b
In base 10, what is -9609 - -7513?
-2096
In base 11, what is 1153 + -1846?
-6a3
In base 3, what is 10 + -121110111110011?
-121110111110001
In base 5, what is 23423133 - -4?
23423142
In base 2, what is 1010001000011 - 101100111101?
100100000110
In base 3, what is 100012 + -1102020220?
-1101220201
In base 6, what is -24241444 - 12?
-24241500
In base 3, what is 2002 - 12100020022?
-12100011020
In base 15, what is -738 - 16919?
-17152
In base 12, what is -16a82aa6 + -1?
-16a82aa7
In base 16, what is -14611 + -1c7?
-147d8
In base 7, what is -34144631 - -40?
-34144561
In base 16, what is -97 + e1aa?
e113
In base 14, what is a2a55 - 3?
a2a52
In base 16, what is -66bfbba + 4?
-66bfbb6
In base 13, what is -10 - 20a254?
-20a264
In base 5, what is -10000032 - -44002?
-4401030
In base 6, what is -2 + -200424530?
-200424532
In base 10, what is -11321657 + -2?
-11321659
In base 12, what is -549256b - 20?
-549258b
In base 2, what is -1101011011001001 - 10011111?
-1101011101101000
In base 12, what is 62302 - 87a?
61644
In base 8, what is 7013101 + -11?
7013070
In base 15, what is -10d - 322aa?
-323b8
In base 16, what is -129d0 + -116?
-12ae6
In base 9, what is 62 + 10228561?
10228633
In base 5, what is 44 + -1141342010?
-1141341411
In base 12, what is a16 + 13279?
14093
In base 8, what is -22641125 - -510?
-22640415
In base 5, what is -3224414402430 + 2?
-3224414402423
In base 11, what is -7400 + -10aa?
-84aa
In base 11, what is -4 - 263a0140?
-263a0144
In base 9, what is -103216346 - -2?
-103216344
In base 2, what is -1101 - -100000000011000110011111?
100000000011000110010010
In base 16, what is 3df0 + c0b?
49fb
In base 2, what is 10 - 10001101010001100011110?
-10001101010001100011100
In base 2, what is 1 + 1000100000100011111101111?
1000100000100011111110000
In base 3, what is 2 + -1110201002021002?
-1110201002021000
In base 3, what is -120120120102 - 2121?
-120120200000
In base 9, what is 102314085 - -12?
102314107
In base 15, what is 3d81 + -845?
353b
In base 7, what is -660 + 501500?
500510
In base 15, what is -3429c - 14?
-342b1
In base 12, what is -682 + -1a176?
-1a838
In base 7, what is 66 - -32042311?
32042410
In base 13, what is -1c937601 + 9?
-1c9375c5
In base 5, what is -10023423221431 + -1?
-10023423221432
In base 6, what is 253201 + -4?
253153
In base 5, what is 13243104021 + -2?
13243104014
In base 12, what is 3a218b9 - -8?
3a21905
In base 13, what is 33cc91 - 3?
33cc8b
In base 4, what is -113102303 - 1012?
-113103321
In base 10, what is 52 - 39136?
-39084
In base 16, what is f - -12b66f?
12b67e
In base 13, what is -1 + -2b0c214?
-2b0c215
In base 14, what is 102ab4 - 2?
102ab2
In base 13, what is 4a8648b + -3?
4a86488
In base 4, what is 2 - 1001203312011?
-1001203312003
In base 15, what is 5 - 27e0e7?
-27e0e2
In base 2, what is -11010111000000 - -11010111110?
-10111100000010
In base 5, what is 23012 + -23331320?
-233033